) in base 9?
4741
3a6 (base 14) to base 6
3222
Convert -100110001101011 (base 2) to base 15.
-5be3
Convert -2a277 (base 12) to base 6.
-1133431
Convert 1137 (base 8) to base 13.
379
Convert -1643 (base 11) to base 15.
-954
Convert 4399 (base 10) to base 2.
1000100101111
What is 131ed (base 15) in base 9?
102847
Convert 332211 (base 5) to base 12.
6830
Convert -1001001111010 (base 2) to base 11.
-3610
110210022 (base 3) to base 8
22153
What is a4 (base 15) in base 5?
1104
What is 10110000011100 (base 2) in base 8?
26034
154a (base 16) to base 11
4105
Convert -13240 (base 6) to base 9.
-2716
What is 21212110 (base 3) in base 5?
140421
What is -1043 (base 7) in base 10?
-374
Convert -182 (base 13) to base 5.
-2100
-25407 (base 11) to base 3
-1211222012
Convert 334304 (base 6) to base 14.
a3ba
What is 10110 (base 5) in base 7?
1624
402 (base 8) to base 13
16b
Convert -111134 (base 5) to base 8.
-7517
Convert -130230 (base 4) to base 8.
-3454
Convert -10523 (base 8) to base 16.
-1153
101011111001011 (base 2) to base 9
33742
Convert -135350 (base 6) to base 10.
-12882
-220322 (base 4) to base 14
-d50
4007 (base 8) to base 14
a6b
What is -133526 (base 9) in base 4?
-103313010
Convert 31322 (base 5) to base 6.
13355
Convert -10311303 (base 4) to base 2.
-100110101110011
21f (base 16) to base 9
663
What is -142015 (base 7) in base 2?
-110100111100101
-138b (base 14) to base 11
-2661
-10031141 (base 5) to base 16
-1392b
Convert -11011010110 (base 2) to base 9.
-2354
What is 60777 (base 8) in base 7?
133066
15a6 (base 11) to base 2
100000000100
What is -100011000010110 (base 2) in base 9?
-26545
-6c44 (base 13) to base 11
-10519
-c28 (base 13) to base 12
-123a
-1221200 (base 3) to base 15
-64c
874 (base 11) to base 2
10000011001
Convert 312a (base 11) to base 13.
1b6c
What is -7995 (base 12) in base 7?
-54242
-10101011 (base 2) to base 12
-123
Convert 6207 (base 8) to base 9.
4353
What is 35543 (base 7) in base 15?
2ace
What is 940 (base 16) in base 4?
211000
Convert 3020330 (base 4) to base 10.
12860
-8359 (base 10) to base 9
-12417
-ddca (base 16) to base 14
-16998
-4526 (base 11) to base 15
-1b72
300 (base 8) to base 13
11a
-67 (base 10) to base 7
-124
Convert -401 (base 15) to base 12.
-631
What is -614 (base 7) in base 4?
-10301
Convert -171 (base 11) to base 2.
-11000111
What is -369 (base 14) in base 7?
-1662
What is 15e6 (base 15) in base 5?
122331
What is -419 (base 12) in base 16?
-255
Convert 743a (base 14) to base 6.
232444
What is 154455 (base 7) in base 2?
111011011010100
1647 (base 8) to base 14
4ab
What is 10023 (base 4) in base 2?
100001011
1139 (base 11) to base 8
2726
What is -1212120220 (base 3) in base 13?
-13a2b
What is -193a (base 12) in base 13?
-1522
Convert 110101011111 (base 2) to base 10.
3423
What is -10038 (base 11) in base 15?
-453c
-2103241 (base 5) to base 9
-52680
What is -1050 (base 7) in base 6?
-1430
Convert -16530 (base 8) to base 3.
-101022020
Convert -1327 (base 16) to base 14.
-1b03
66036 (base 9) to base 12
213b9
e8f3 (base 16) to base 12
2a617
Convert 300010 (base 5) to base 15.
2ba5
What is -aba (base 15) in base 14?
-c53
-16409 (base 12) to base 8
-75711
What is -885 (base 13) in base 11?
-1109
What is 1804 (base 16) in base 6?
44244
What is 17115 (base 10) in base 2?
100001011011011
What is -485 (base 11) in base 14?
-2d3
Convert 1362 (base 7) to base 8.
1026
Convert -1206 (base 9) to base 10.
-897
-164 (base 7) to base 15
-65
Convert -1112 (base 6) to base 15.
-125
What is 357 (base 8) in base 3?
22212
Convert -1021213 (base 4) to base 3.
-20110111
What is 13b7c (base 14) in base 9?
74078
Convert -324 (base 15) to base 3.
-222021
What is 3a51 (base 13) in base 10?
8347
What is -133 (base 5) in base 10?
-43
Convert -1011110001001 (base 2) to base 16.
-1789
Convert -111202210 (base 3) to base 2.
-10011100110110
Convert 1790 (base 14) to base 4.
1002102
Convert -cb (base 14) to base 6.
-455
Convert -111210020 (base 3) to base 14.
-393c
What is -310022 (base 4) in base 9?
-4518
What is -463 (base 14) in base 11?
-722
Convert 23034 (base 5) to base 15.
749
Convert 532 (base 10) to base 15.
257
What is -29a3 (base 16) in base 5?
-320114
What is 91 (base 15) in base 12?
b4
-210010 (base 3) to base 13
-34b
Convert -14114 (base 5) to base 3.
-1120221
-18390 (base 10) to base 4
-10133112
Convert -240002 (base 5) to base 12.
-5094
Convert 2200 (base 5) to base 9.
363
Convert -1a (base 16) to base 4.
-122
-da (base 16) to base 10
-218
What is 651 (base 11) in base 9?
1058
213 (base 15) to base 8
724
31340 (base 12) to base 5
4030131
-13134 (base 6) to base 5
-31002
-18525 (base 11) to base 2
-110010101000001
160 (base 11) to base 2
10111011
Convert 1010010000110110 (base 2) to base 13.
16199
Convert 10633 (base 7) to base 16.
a9f
What is 219 (base 11) in base 5?
2022
-43 (base 6) to base 4
-123
Convert -608 (base 16) to base 11.
-1184
What is 2522 (base 6) in base 16?
272
-3278 (base 13) to base 15
-2138
What is -518 (base 12) in base 11?
-613
Convert -688 (base 14) to base 7.
-3531
4917 (base 10) to base 4
1030311
Convert -515 (base 12) to base 16.
-2e1
Convert -200122 (base 4) to base 16.
-81a
What is -3343 (base 7) in base 13?
-71b
What is -1101111100101011 (base 2) in base 11?
-39a18
Convert 111100 (base 2) to base 12.
50
101101110110 (base 2) to base 8
5566
-43450 (base 6) to base 8
-13566
Convert -ba82 (base 13) to base 12.
-13037
Convert -100011111110011 (base 2) to base 10.
-18419
What is -4776 (base 10) in base 12?
-2920
Convert 522 (base 8) to base 11.
288
Convert 520322 (base 6) to base 4.
22021322
-620 (base 12) to base 7
-2406
Convert -1020 (base 7) to base 13.
-216
Convert -115 (base 9) to base 3.
-10112
What is -6c2 (base 15) in base 6?
-11032
-111010100 (base 2) to base 10
-468
What is 410 (base 12) in base 5?
4323
40a (base 13) to base 16
2ae
What is 2043 (base 5) in base 2?
100010001
What is -61a (base 13) in base 5?
-13122
Convert -1a3 (base 11) to base 12.
-176
-10111111010001 (base 2) to base 10
-12241
-2024 (base 7) to base 16
-2c0
14476 (base 9) to base 10
9870
-10110111 (base 2) to base 11
-157
Convert 73714 (base 8) to base 7.
155261
What is 1003 (base 6) in base 12?
163
-133301 (base 6) to base 3
-122001001
-8853 (base 14) to base 2
-101110000101001
11010211 (base 4) to base 5
1131043
What is 25153 (base 7) in base 8?
14714
30e2 (base 16) to base 10
12514
Convert 524 (base 12) to base 10.
748
What is -1a16 (base 13) in base 16?
-f42
-84851 (base 9) to base 2
-1101101100100010
-8647 (base 10) to base 5
-234042
What is 212200 (base 3) in base 4?
21333
What is 220122112 (base 3) in base 10?
17969
-22165 (base 7) to base 3
-21122211
181b4 (base 13) to base 10
46453
What is -1237 (base 8) in base 4?
-22133
-2352 (base 6) to base 15
-282
Convert -ba05 (base 15) to base 9.
-60015
What is 102001 (base 3) in base 11?
251
What is -51a2 (base 11) in base 8?
-15350
Convert 37b6 (base 12) to base 3.
22200110
Convert -1482 (base 12) to base 6.
-15042
5440 (base 7) to base 12
1157
What is -1013 (base 5) in base 15?
-8d
111111 (base 4) to base 9
1776
-80e (base 16) to base 8
-4016
What is -755 (base 8) in base 2?
-111101101
Convert 1688 (base 12) to base 11.
2031
What is 2211002 (base 3) in base 12?
1232
44132 (base 5) to base 11
2316
-15b8 (base 12) to base 2
-101000011100
What is 377 (base 9) in base 4?
10321
-14163 (base 12) to base 7
-144150
Convert 304001 (base 5) to base 12.
5870
What is -2030331 (base 4) in base 5?
-242041
-5861 (base 9) to base 15
-144d
What is 4403 (base 7) in base 12?
aab
What is -543 (base 10) in base 14?
-2ab
-1046 (base 14) to base 4
-223312
What is -210 (base 5) in base 11?
-50
What is 4b23 (base 14) in base 2?
11001101101011
Convert -372 (base 14) to base 2.
-1010110000
What is -619 (base 11) in base 9?
-1018
Convert 1254 (base 7) to base 12.
340
3dc (base 15) to base 2
1101110010
Convert -2213301 (base 4) to base 6.
-121413
What is -731 (base 15) in base 9?
-2201
Convert -1a015 (base 13) to base 6.
-1030005
-101012220 (base 3) to base 8
-16431
What is -23022 (base 6) in base 5?
-101004
What is -10b7 (base 13) in base 7?
-6562
Convert 15004 (base 7) to base 10.
4120
What is 4a8 (base 13) in base 2?
1100101110
Convert 24264 (base 7) to base 3.
22200000
-161b (base 13) to bas